hat is the units digit of o(2)?
4
Suppose -51*n + 52*n - 104 = 0. What is the hundreds digit of n?
1
What is the units digit of (-1 - 9)/(11/(-88))?
0
Let k = 1 - 4. Let f be 7*(2 - (-9)/k). What is the tens digit of 2 + (f + -1)*-2?
1
Let o = -18 + 30. What is the tens digit of o?
1
Let j be ((-7)/2)/((-7)/(-14)). Let z = -11 - j. What is the units digit of z + 8 - (3 - 1)?
2
Let b(j) = -j**2 - 14*j - 9. Suppose 4*g - 15 = -51. What is the tens digit of b(g)?
3
Suppose 5*l + 0*l - 15 = 0. Let q = 4 - l. What is the units digit of q?
1
Let c = -215 - -405. What is the units digit of c?
0
Let s = 6 + -3. Suppose 0 = w - s*w. Suppose -2*r = 2*r + 4*v - 52, w = 4*v - 16. What is the units digit of r?
9
Suppose 3*z + 2*z = 0. Let v be 2 - 2*-1 - z. Suppose -d = 5*m + 15 - 1, 3*d = -v*m - 9. What is the units digit of d?
1
Suppose -4*o = -2*u - 68, u - 95 = -5*o - 24. Suppose 5*f + 0*f - o = 0. What is the units digit of f?
3
Let c(g) = g + 11. Let b be c(-9). Suppose 0*s = b*s + 2*i - 28, 2*s - i - 40 = 0. What is the tens digit of s?
1
Let v be (6/8)/((-1)/4). Let n be (6/4)/v*0. Suppose -4*d = -2*q - q + 58, n = -d - 4. What is the units digit of q?
4
Let x(i) = i**3 - 9*i**2 + 3*i. What is the tens digit of x(9)?
2
Suppose 0 = 6*l - 4*l - 4*t + 12, 0 = -4*l + 5*t - 21. Let q = l + 4. Suppose -3*h = -q*h + p - 8, -p - 16 = -3*h. What is the units digit of h?
4
Let k = 41 - 15. Suppose u - k = -0. What is the units digit of u?
6
Let q be 4 + -2 + -4 - -13. Let t = 41 + q. What is the units digit of t?
2
Let m(q) = -q**3 - 7*q**2 + 9*q + 3. Let j be m(-8). Let h = j + 12. What is the units digit of h?
7
Let q be 1 + 1*(-6)/(-2). Suppose q*w - 9 = 39. What is the units digit of w?
2
Let y(x) = 4*x**2 + 2*x + 7. Let h(a) = a**2 + a. Let f(c) = -3*h(c) + y(c). What is the units digit of f(0)?
7
Suppose 49*r - 84 = 46*r. What is the tens digit of r?
2
Let y = -18 - -11. What is the units digit of 2 - -1 - (y + 5)?
5
Suppose 0 = 5*r - r - 528. What is the hundreds digit of r?
1
Let y be (-1)/4 + 65/20. Suppose -2*x = -0*u - y*u - 39, 2*u = -2. What is the units digit of x?
8
Let q(u) = -u**3 - 14*u**2 + 15*u + 8. What is the units digit of q(-15)?
8
Let w(o) = -o**3 + 6*o**2 + 4*o - 9. Let h = -10 - -16. Let q be w(h). What is the units digit of (-2)/(-10) + 87/q?
6
Suppose o - 20 = -4*g, 5*g - 2*o - 8 = o. Suppose 0 = -g*i + 26 + 2. Let x = i - 5. What is the units digit of x?
2
Suppose 5*i - 4 = 2*k - 0, 2*i - 2*k + 2 = 0. Suppose -r - 2*r - 6 = -i*h, 0 = 3*h - 3*r - 9. Let g = 4 - h. What is the units digit of g?
1
Suppose 0*j + 9 = 3*j. Suppose -4*n = -v - 27, -2*n + v = -j*n + 13. What is the units digit of n?
8
Let f(h) = h + 11. Suppose -5*l = -0*l - 225. Suppose -5*y = -10 + l. What is the units digit of f(y)?
4
Let g(p) = 7*p + 1. Let d be g(-1). Let h = -11 - d. What is the units digit of 1*-1 - (-16 - h)?
0
Suppose 3*n - 48 = -k - 2*k, 12 = n + 3*k. Suppose -6 = -4*g + n. What is the units digit of g?
6
What is the tens digit of (-9)/1*(-10 - -4)?
5
Let v(p) = -p**3 + 7*p**2 + 7*p - 14. What is the tens digit of v(7)?
3
Let b = 23 + -35. Let h(f) = f**2 + 13*f + 14. Let c be h(b). What is the units digit of (2 - 0 - -13) + c?
7
Let w = 16 - 12. Suppose -w*k = 10 - 34. What is the units digit of k?
6
Let m be -2 - 0*1/1. Let i be m/5 + 36/15. Let v = i + 0. What is the units digit of v?
2
Let w = 42 + -21. What is the units digit of w?
1
Let i(z) = 33*z**3 - 2*z**2 + z + 1. What is the units digit of i(1)?
3
Suppose -q + 20 = x, -3*x - 2*q - 24 = -5*x. Let j = 22 - x. What is the units digit of j?
6
Let m(i) = i**2 - 2*i + 15. What is the hundreds digit of m(-11)?
1
Suppose -2*c - c - 27 = 0. Let k be ((-30)/c)/((-1)/(-3)). What is the units digit of (-4)/k + 35/25?
1
Let q = 91 + -27. What is the units digit of q?
4
Let s be 6*8/(-12)*(-1)/2. Let g = -56 + 78. Suppose 5*w = -3*p - g, s*p = -0*w + 2*w + 12. What is the units digit of p?
1
Suppose 0 = -7*g + 4*g + 4*a + 26, 0 = -2*g - 3*a - 11. Let o be (g - 3)*5/(-1). Suppose -15 + o = -2*v. What is the units digit of v?
5
Let u(r) = 4*r - 1. Let c be u(1). Let b = -1 + c. What is the units digit of b?
2
Let l(v) = v**2 - 5*v + 9. What is the units digit of l(8)?
3
Let f = 136 - 97. Suppose 3*b - 7 = -1, 0 = 5*c - 3*b - f. What is the units digit of c?
9
Let r be (-16)/10*15/(-6). Suppose 3*b - 2*u = -b, u - r = 0. Suppose -y + 10 + b = s, 0 = 2*s - 4*y. What is the units digit of s?
8
Let u = 82 + -5. Let i = u - 43. What is the tens digit of i?
3
Suppose b + 2*b = 21. Suppose -f + 24 = -b. What is the tens digit of f?
3
Let t(p) be the third derivative of 7*p**5/30 - p**4/12 + p**3/6 + 2*p**2. What is the units digit of t(1)?
3
Let g(y) = -1 + y - 3*y - 4*y - 6*y. What is the tens digit of g(-1)?
1
Suppose 5*n = 3*n - h + 74, 111 = 3*n - h. What is the tens digit of n?
3
Let o(m) be the first derivative of m + 2 - m**2 + 1/4*m**4 - 1/3*m**3. What is the units digit of o(3)?
3
Let g(y) = 14*y**2 - 20*y - 14. Let j(x) = 5*x**2 - 7*x - 5. Let a(i) = 3*g(i) - 8*j(i). What is the units digit of a(-3)?
8
Suppose -f + 3*r = 12, 2*f = -5*r + r + 16. Let i(t) = t**2 - 5*t + 6. Let c be i(4). Suppose -h + 5 = g, 2*g - h + c = -f*h. What is the units digit of g?
1
Let t be (-10)/(-12) + (-2)/(-12). Let a = -6 + 8. Suppose 0 = v + t - a. What is the units digit of v?
1
Let p(z) = -z**3 + 7*z**2 - 5*z - 3. Let f be p(6). Suppose -3*c - 29 = 5*k - 74, -f*k + c + 13 = 0. What is the units digit of k?
6
Let d(z) = -z**2 - 14*z - 10. Let k be d(-14). What is the units digit of 20*((-32)/k)/2?
2
Suppose 2*y + y = 0. Suppose y*a + 21 = 3*a. What is the units digit of a?
7
Suppose -i = -f - 6, -3*i - 14 = -6*i - f. Suppose 6 = i*m - 69. What is the units digit of m?
5
Let b = 378 + -196. What is the units digit of b?
2
Let n be (2/3)/((-2)/(-9)). Suppose 0 = -4*m - i + n, 2*m - i = -3*i. What is the units digit of m?
1
Let l(n) = 143*n + 1. Let u be l(1). Suppose -k - 2*k + u = 0. What is the tens digit of k?
4
Let p = 23 - 13. What is the units digit of (-2)/5 + 14/p?
1
Suppose -2*d + 3 = -3. What is the units digit of d?
3
Let s = -73 - -114. What is the units digit of s?
1
Let q(v) = v. Let g(s) = -3*s - 3. Let o(h) = g(h) - 2*q(h). Let d = 0 + -2. What is the units digit of o(d)?
7
Suppose -5*h + 3*a = -2*h - 87, -4*a = 2*h - 40. Suppose -98 + 34 = 4*v. Let g = v + h. What is the tens digit of g?
1
Let m(f) = f**2 - 12*f + 18. What is the tens digit of m(12)?
1
Let i(y) = y**2 - 5*y - 1. What is the tens digit of i(8)?
2
Let l(c) = -2*c**3 + c**2 + 3*c + 4. Let y be l(3). Let k = 52 + y. What is the tens digit of k?
2
What is the units digit of (6/(-18))/(1/(-87))?
9
Suppose -13*v + 200 = -9*v. What is the units digit of v?
0
Suppose 3*q - 3*n - 390 = 0, 193 = 4*q + n - 347. What is the hundreds digit of q?
1
Let r = 19 + -3. What is the tens digit of r?
1
Suppose -3*g = 0, -w + 3*g = -2 - 0. Suppose 0*p - c - 33 = -p, w*c + 30 = p. Suppose -3*z = z - p. What is the units digit of z?
9
Suppose 2*n + 4*v + 10 = 0, -50 = -5*n - 0*v + 5*v. Suppose 26 = -3*p + 4*l, -n*l + 22 + 9 = -3*p. Let o = p + 4. What is the units digit of o?
2
What is the tens digit of (-1)/3 - (-1540)/30?
5
Let k be 2/(-4)*(-5 + -3). Suppose -k*y = -0*y - 36. Let q = y + -5. What is the units digit of q?
4
Suppose 0 = -x - 2*n + 5, 3*x - 8 + 2 = -3*n. Let f be (-2 + (-3)/x)*6. What is the units digit of 3/f*1*24?
2
Suppose 2*j + 3*j - 5*a - 45 = 0, -2*j - 4*a - 12 = 0. Let x = 6 + j. What is the units digit of 1/5 + 78/x?
8
Let b(d) = d**3 + 13*d**2 + 16*d + 8. Let k be b(-12). What is the units digit of (0 - 3) + 6 - k?
3
Let o(h) = 5*h**2 + 3*h - 2. What is the units digit of o(1)?
6
Let i(w) = 2*w**2 + 9*w + 11. Suppose 3*b + n + 7 = 2*b, -2*b - 3*n = 14. What is the tens digit of i(b)?
4
Suppose 1 + 54 = 5*b - 5*o, 2*b - 3*o = 23. What is the units digit of b?
0
Suppose 2*v + v = 225. What is the units digit of (-2)/(-4) - v/(-6)?
3
Let j = 9 + -4. Suppose j*u = -16 + 71. What is the units digit of u?
1
Let v = -13 - -4. Let m = v + 14. What is the units digit of m?
5
What is the tens digit of (-4 - -26) + 3 + -2?
2
What is the units digit of 1 - 3 - 660/(-4)?
3
Let d(p) = p**3 - 7*p**2 + 6*p + 3. Let u be d(6). Let r = -6 + u.